et n be 2/9*(-21)/(-28). Let k(z) be the second derivative of -z + 1/4*z**4 + 0 - 1/20*z**5 + 1/2*z**2 + n*z**3. Determine k(3).
4
Let p = -4 - -7. Let c(i) be the second derivative of 6 + i**p - 4*i - 6. What is c(-1)?
-6
Let z(i) be the second derivative of i**4/12 + 2*i**3/3 - i**2 + 4*i. Let n(v) be the first derivative of z(v). Give n(-4).
-4
Let x be 0 - (0 + 2)/2. Suppose -2*n = 3*l + 2*l - 4, 0 = 4*l. Let h(r) = -2*r**2 + 12*r**n - 2*r**2. Determine h(x).
8
Suppose 23 = -3*s + 29. Let n(p) = p**2 + 1. Determine n(s).
5
Let i = -3 - -7. Suppose i*w - 16 = -0. Let f(r) = -3*r + 1670*r**2 - 1669*r**2 - 3 + 5. Calculate f(w).
6
Let d(a) = -a - 12. Suppose 0*c - 51 = 4*c - 5*u, -c - 5*u = -6. Let q be d(c). Let k(r) = -3*r - r**3 + 2*r + 2*r**3 - 4 + 2*r**2. What is k(q)?
-10
Suppose 0 = -2*u - 5*k + 17, -5*u + 2*u - 5*k + 18 = 0. Let f be u/4 - 9/(-12). Suppose -f = j + 3. Let x(c) = 3*c + 6. Determine x(j).
-6
Let y(u) = u**3 - 2*u**2 - 5*u + 3. Suppose -2*v + 1 = -19. Suppose i - 13 = -v. Determine y(i).
-3
Let z(k) be the third derivative of k**5/60 - k**4/4 + k**3/6 - k**2. What is z(5)?
-4
Let x(u) = -u + 2*u + u + 2 + 2*u. What is x(-2)?
-6
Let y(k) = 2*k**2 - 3 + 3*k + 4*k**3 - 4*k**3 - k**3. Calculate y(3).
-3
Let y(g) be the first derivative of g**2/2 + 5*g + 6. Let x be 2 + (1 - -1) + -2. Suppose 0 = -0*n - x*n - 8. Determine y(n).
1
Let g(n) = -n**3 - 7*n**2 - 8*n - 5. Let w be (2/(-4))/(-3*1/(-36)). Calculate g(w).
7
Let d(q) = -4*q**2 - 15*q - 3. Let n(p) = 3*p**2 + 14*p + 3. Let l(o) = 4*d(o) + 5*n(o). Determine l(7).
24
Let d be (-4)/(-6)*(8 - 2). Let b(s) be the third derivative of 0 - 2/3*s**3 + 1/24*s**d + 0*s - s**2. Give b(2).
-2
Let o = 12 - 10. Let x(v) = 1 - v - 5*v - v + v**2 + o*v. Give x(5).
1
Suppose 0 = 2*a + a + 6, 5*a + 42 = 4*r. Let w = r - 6. Let c(n) = -1 + 3*n**3 + 0*n**2 + w*n**3 - n - 4*n**3 - 2*n**2. Give c(3).
5
Let c(u) be the first derivative of -3*u**4 + u**3/3 + u**2/2 + 2. Let o(r) = -r**3 - 8*r**2 - 7*r - 1. Let l be o(-7). Give c(l).
12
Let a(i) = i**3 - 15*i**2 - 17*i + 11. Let q be a(16). Let b(d) = -d**2 - 3*d + 3. Determine b(q).
-7
Let v(d) be the second derivative of -d**5/30 - d**4/24 + d**3/2 - d. Let s(g) be the second derivative of v(g). Give s(-1).
3
Let m = 32 + -29. Let k(j) be the first derivative of 5*j**2/2 - 2. Let v(d) = 11*d. Let r(y) = 7*k(y) - 3*v(y). What is r(m)?
6
Let o(b) = -2 - 2 + 0 - b + 3. Give o(-1).
0
Let g be (4/8*0)/(-3). Let i(c) be the first derivative of -c**3/3 - c**2/2 + 7*c - 2. Determine i(g).
7
Let w(f) = 1 - 5 - 7*f + 4. Calculate w(1).
-7
Suppose -187*w + 15 = -190*w. Let u(y) be the third derivative of y**5/60 + y**4/4 + 2*y**3/3 + 2*y**2. Give u(w).
-1
Suppose 0 = -0*o - 3*o + 9. Suppose 0 = 3*v - 3 - o. Suppose -5*q + 20 = 0, p = v*q - 4 - 7. Let d(w) = -w**3 - 3*w**2 - 4*w - 3. What is d(p)?
9
Suppose 5*l - 4*f - 15 = 0, -5*f = 2*l + 3*l - 15. Suppose l*c + 1 = 7. Let p(y) = 3*y**2 - 2*y**c + y + 2*y**2 - 5*y**2. Determine p(-1).
-3
Let y(c) = -4*c + 2. Let q be 2/(-2) + (0 - -4). Let a = -1 + q. Calculate y(a).
-6
Let y(k) = -2*k**2 + 8*k - 7. Let l(j) be the second derivative of j**4/12 - j**3/6 + j**2/2 - 3*j. Let s(p) = l(p) + y(p). Calculate s(5).
4
Let b(f) = -7 + 1 + 11*f - 9*f + 4. Suppose -3 + 12 = -3*v. What is b(v)?
-8
Let b = 24 + -14. Let f be (-81)/(-15) - 4/b. Let s(k) = k**3 - 5*k**2 + 4. Determine s(f).
4
Let s(t) = 26*t**2 - 13*t**2 - 12*t**2 - 7 + 11*t. Determine s(-11).
-7
Suppose -9*v = -12 + 102. Let z(d) = d**2 + 10*d + 2. Calculate z(v).
2
Let b(v) = v**3 - v**2 + v - 1. Let r(j) = 3*j**3 - 3*j**2 + j - 3. Let n(w) = -2*b(w) + r(w). Determine n(0).
-1
Suppose -3 = c - 4*c. Let y(h) = 9*h - 1. Determine y(c).
8
Let f(s) = 6*s. Suppose 5*r - 6*r = c - 4, -3*r - 9 = -4*c. Give f(r).
6
Let g(o) = 0*o**2 - o**2 + 16*o - 15*o. Calculate g(4).
-12
Suppose -4*z + 2*t - 3*t + 16 = 0, -z + 3*t + 4 = 0. Let a(s) be the second derivative of -s**4/12 + s**3/3 + 3*s**2/2 + 27*s. Give a(z).
-5
Let l(r) be the first derivative of r**6/360 + r**5/120 - r**3 + 1. Let u(w) be the third derivative of l(w). What is u(-2)?
2
Let r(x) = 4*x + 3*x**3 + x**2 - 5*x + 2*x - 15*x**3. What is r(-1)?
12
Let f(o) = 2*o**2 + o - 1. Let t(p) = -p**3 + 5*p + 5. Let m(x) = 3*f(x) - t(x). Let c be (4/(-3))/((-2)/(-9)). Calculate m(c).
4
Suppose 26 = 4*i - 2. Let f = -5 + i. Let d(a) = 3 + 1 + a**f - 1 + 4*a. What is d(-3)?
0
Let u(w) = -8*w**2 - 2*w - 6. Let d(a) = -7*a**2 - a - 5. Let j(b) = -6*d(b) + 5*u(b). Let z = 6 + -2. Suppose 9*n = z*n + 15. Give j(n).
6
Let d(m) be the third derivative of -m**4/12 + m**3/3 + 3*m**2. Suppose 2*h = 7 + 1. Let q = h + -6. Calculate d(q).
6
Let h(x) = 35*x + 37*x - 73*x. What is h(-4)?
4
Let g(o) = -20*o**2 + 0 - 8 + 0 + 8*o + 19*o**2. Suppose -11 = -5*u + 9. Suppose -5*n + 6 = -u*n. Determine g(n).
4
Let l(n) = 5*n**3 + 3*n**2 + 5*n + 4. Let b(k) = -14*k**3 - 9*k**2 - 14*k - 12. Let t(g) = 6*b(g) + 17*l(g). Determine t(3).
-1
Let r(i) = i**3 + 6*i**2 - 2*i - 3. Let c(y) = -y**3 - 2*y**2 + y. Let z be c(1). Let a = z + -4. Calculate r(a).
9
Let z(w) = w + 2 + 6 + 7 - 11 + 4*w**2 + w**3. Determine z(-4).
0
Let l be (84/14)/((-6)/8). Let p be (4/l)/(2/(-12)). Let f(m) = -2*m**2 - 2*m + 4 + m**3 - 3*m + m**2. What is f(p)?
7
Let n(g) = -5*g + 5. Suppose -2*o + 4 = 12, 3*h - 16 = o. Calculate n(h).
-15
Let q(f) = -9*f + 3 - 8*f + 16*f. What is q(7)?
-4
Let p(r) be the second derivative of -r**3/3 + r**2/2 + 48*r. Give p(-1).
3
Let s(y) = -6*y + 2. Let b be s(1). Let n(o) = o**3 + 3*o**2 - 3*o. Determine n(b).
-4
Suppose 4*c - 8 = 8. Let i(b) = -b**3 + 2*b**2 + 2*b - 3. Let q be i(2). Let j be (0 - q) + c + -1. Let z(a) = a**2 - a + 1. Calculate z(j).
3
Let k(v) = 5*v - 8 - v**2 - 3*v + 1 + 5. Determine k(3).
-5
Let y(j) = 3*j + 1. Let q = 36 + -33. Determine y(q).
10
Let w(z) = -3*z**3 + 6*z**2 - 2*z - 6. Let l(v) = v**3 + v - 1. Let a(y) = -2*l(y) - w(y). Determine a(6).
8
Let c = 44 - 38. Let o(y) = y**2 - 8*y + 4. Calculate o(c).
-8
Let i(j) = 4*j + 1. Suppose 0 = -2*f - 3*k + 3 + 6, 2*k = 2*f + 6. Let h = -1 - f. Calculate i(h).
-3
Let s(d) be the third derivative of 0 + 1/60*d**5 - 1/6*d**3 + 0*d - d**2 - 1/8*d**4. Determine s(3).
-1
Let v(b) = -1 + 0*b + b - 3*b. Let r be (20/(-25))/((-4)/(-10)). Give v(r).
3
Suppose 6 + 0 = -3*r. Let u = r + 2. Let n(x) be the third derivative of x**6/120 - x**5/60 + x**4/24 + 2*x**3/3 - x**2. What is n(u)?
4
Let z(j) = j**3 + 2*j**2 - 7*j - 5. Let k(w) = w**3 + 3*w**2 - 9*w - 6. Let m(l) = -2*k(l) + 3*z(l). Determine m(3).
15
Suppose 3*m + 0 = -9. Let h be 2/(4/m - -2). Let c(g) be the second derivative of -g**3/6 + 3*g**2/2 - 3*g. Give c(h).
0
Let h(d) = d**2 + 4*d - 6. Let a be 1/(-3) - (-28)/(-6). Calculate h(a).
-1
Let i(l) = 5*l + 2. Let j = -20 + 17. What is i(j)?
-13
Let a(t) = -t**3 + 6*t**2 - 7. Let b = -68 + 74. Calculate a(b).
-7
Let t(d) = d - 3. Let u be t(10). Suppose -u = w - 2. Let v(p) = p - p**3 + 0*p**3 - p**2 - 4*p**2. Calculate v(w).
-5
Suppose -4*f + 4 = -16. Suppose -f = -2*c + 1. Let l(r) = 1 + c*r - r**2 - 3*r. Determine l(3).
-8
Let y(l) = -l**3 + l. Let i(k) = -2*k**3 + 6*k**2 + 4*k - 7. Let x(f) = -i(f) + 3*y(f). What is x(-6)?
13
Let a = 8 + -3. Suppose -a + 0 = l. Let s(r) be the first derivative of r**2/2 + 7*r + 24. What is s(l)?
2
Let h be (8 - -3)*2/2. Let i(y) = y + 2. Let w be i(0). Suppose -w*r + h - 3 = 0. Let u(g) = g - 6. Calculate u(r).
-2
Let p(w) = w**3 - 4*w**2 + w. Suppose 0 = -7*b + 8*b - 3. Suppose 2*d = -b + 11. Determine p(d).
4
Let g(p) be the first derivative of 1 - 1/2*p**2 - 12*p. Give g(-6).
-6
Let u(q) = -q**2 - 3. Let y(p) = -2*p**2 - 7. Let l(j) = -9*u(j) + 4*y(j). Determine l(-2).
3
Let v(o) = 3*o + 15. Let x(r) = -2*r - 8. Let b(l) = 3*v(l) + 5*x(l). Give b(6).
-1
Let v(k) be the first derivative of k**4/4 - 5*k**3/3 - 3*k - 83. Suppose 0*o - 15 = -3*o. Give v(o).
-3
Suppose 3*c - 5*c = 42. Let r = c + 17. Let p(v) = v**2 + 7*v + 3. Determine p(r).
-9
Let b(v) be the first derivative of -v**2 - 6*v - 3. Give b(-6).
6
Let z(v) = -v**2 + 3*v + 4. Let w(s) = s**2 - 3*s - 4. Let j be w(4). Let i be -1*(j + 1 + -1). Suppose i = -p + 6*p - 20. Give z(p).
0
Let d(b) = -34*b**3 + 3*b - 4*b**2 + 35*b**3 + 2 + 10*b**2. Determine d(-